{"id":19781,"date":"2017-11-30T15:51:29","date_gmt":"2021-05-22T17:36:57","guid":{"rendered":"https:\/\/www.eventixgroup.it\/product\/nec-plasma-v552\/"},"modified":"2023-09-05T15:23:42","modified_gmt":"2023-09-05T13:23:42","slug":"nec-plasma-v552","status":"publish","type":"product","link":"https:\/\/www.eventixgroup.it\/it\/prodotto\/nec-plasma-v552\/","title":{"rendered":"NEC Plasma V552"},"content":{"rendered":"","protected":false},"excerpt":{"rendered":"<p style=\"text-align: justify;\">Il display LCD commerciale da 55&#8243; V552 di NEC utilizza la retroilluminazione a LED per ridurre la profondit\u00e0 e il consumo energetico del prodotto rispetto al suo predecessore. Il V552 dispone anche di altoparlanti integrati da 10 W e di uno slot di espansione conforme alle Open Pluggable Specification (OPS). In questo modo il display \u00e8 a prova di futuro e consente la perfetta integrazione di un computer o di un altro componente NEC o di terze parti. Poich\u00e9 il video, il controllo RS-232 e l&#8217;alimentazione passano internamente dal display all&#8217;accessorio, non \u00e8 necessario un cablaggio aggiuntivo, semplificando cos\u00ec le installazioni. Il pannello ad alta definizione del V552 \u00e8 in grado di visualizzare immagini brillanti e catturare l&#8217;attenzione del pubblico, rendendolo ideale per le applicazioni che richiedono un uso prolungato, tra cui negozi al dettaglio, ristoranti, luoghi al chiuso, strutture di formazione e sale riunioni aziendali.<\/p>\n","protected":false},"featured_media":14656,"template":"","meta":{"_monsterinsights_skip_tracking":false,"_monsterinsights_sitenote_active":false,"_monsterinsights_sitenote_note":"","_monsterinsights_sitenote_category":0},"product_brand":[],"product_cat":[1350,1348],"product_tag":[2060,2883,2878,2974],"class_list":{"0":"post-19781","1":"product","2":"type-product","3":"status-publish","4":"has-post-thumbnail","6":"product_cat-video-equipment-it","7":"product_cat-projectors-screens-it","8":"product_tag-monitor-it","9":"product_tag-nec-it","10":"product_tag-plasma-it","11":"product_tag-v552-it","13":"first","14":"instock","15":"shipping-taxable","16":"product-type-simple"},"aioseo_notices":[],"_links":{"self":[{"href":"https:\/\/www.eventixgroup.it\/it\/wp-json\/wp\/v2\/product\/19781","targetHints":{"allow":["GET"]}}],"collection":[{"href":"https:\/\/www.eventixgroup.it\/it\/wp-json\/wp\/v2\/product"}],"about":[{"href":"https:\/\/www.eventixgroup.it\/it\/wp-json\/wp\/v2\/types\/product"}],"wp:featuredmedia":[{"embeddable":true,"href":"https:\/\/www.eventixgroup.it\/it\/wp-json\/wp\/v2\/media\/14656"}],"wp:attachment":[{"href":"https:\/\/www.eventixgroup.it\/it\/wp-json\/wp\/v2\/media?parent=19781"}],"wp:term":[{"taxonomy":"product_brand","embeddable":true,"href":"https:\/\/www.eventixgroup.it\/it\/wp-json\/wp\/v2\/product_brand?post=19781"},{"taxonomy":"product_cat","embeddable":true,"href":"https:\/\/www.eventixgroup.it\/it\/wp-json\/wp\/v2\/product_cat?post=19781"},{"taxonomy":"product_tag","embeddable":true,"href":"https:\/\/www.eventixgroup.it\/it\/wp-json\/wp\/v2\/product_tag?post=19781"}],"curies":[{"name":"wp","href":"https:\/\/api.w.org\/{rel}","templated":true}]}}

<p style="text-align: justify;">Il display LCD commerciale da 55&#8243; V552 di NEC utilizza la retroilluminazione a LED per ridurre la profondità e il consumo energetico del prodotto rispetto al suo predecessore. Il V552 dispone anche di altoparlanti integrati da 10 W e di uno slot di espansione conforme alle Open Pluggable Specification (OPS). In questo modo il display è a prova di futuro e consente la perfetta integrazione di un computer o di un altro componente NEC o di terze parti. Poiché il video, il controllo RS-232 e l&#8217;alimentazione passano internamente dal display all&#8217;accessorio, non è necessario un cablaggio aggiuntivo, semplificando così le installazioni. Il pannello ad alta definizione del V552 è in grado di visualizzare immagini brillanti e catturare l&#8217;attenzione del pubblico, rendendolo ideale per le applicazioni che richiedono un uso prolungato, tra cui negozi al dettaglio, ristoranti, luoghi al chiuso, strutture di formazione e sale riunioni aziendali.</p>
